-147 - x. Calculate the greatest common factor of z and 15.
15
Let m(v) = -v**3 - 2*v**2 + 4. Let f be m(-3). Suppose -4*p - 26 = -6*p. Calculate the highest common divisor of f and p.
13
Let g(h) = 11*h**2 + 4*h - 3. Let n be g(2). Let i be (-1 + 0 - -2)*n. Let q = i + -7. Calculate the highest common divisor of 6 and q.
6
Let a be (0 - 3)*(-130)/10. Let v = 5 - 9. Let u = v - -17. What is the greatest common factor of u and a?
13
Let k = -72 + 76. What is the highest common divisor of 6 and k?
2
Suppose 3*l = 5*f - 301 + 39, -2*f + 92 = 2*l. What is the greatest common divisor of 20 and f?
10
Let b = 36 - 25. Suppose 0 = -g + q + 7, g + 5*q = -12 - b. Let j be 57 - g - 1 - -1. What is the highest common factor of 5 and j?
5
Let c be -4 - 4/3*(2 + -89). Calculate the highest common factor of c and 16.
16
Suppose 4 = 3*j - 7*m + 3*m, -3*j + m + 1 = 0. Suppose -n + 3*n - 110 = j. What is the highest common divisor of n and 11?
11
Suppose 0 = 3*a, q - 1 + 0 = -2*a. Suppose 0 = -s - 4*f + 56, -f + 0 = -q. Let k = s - 19. What is the greatest common divisor of 11 and k?
11
Let n be (-12 + 11)/(2/(-178)). Let c = -51 + n. What is the highest common factor of c and 95?
19
Let p(d) = 3 - 5*d + 0 + d**2 + d + 6. Suppose j + 4*f + 9 = -2, -5*j + 2*f = -55. Let c be p(j). Calculate the highest common divisor of 6 and c.
6
Let j = -44 + 62. Calculate the highest common divisor of 36 and j.
18
Suppose 5*w = -2*k, -2*w + 5*k = 3*k - 14. Let i(u) = u**2 - u - 28. Let n be i(-5). Calculate the greatest common factor of w and n.
2
Let a be (1254/9)/((-6)/(-9)). Calculate the highest common factor of 19 and a.
19
Let y(g) = -g**2 + 4 - g + 2*g + 2*g. Let n be y(4). Suppose n = l - 15 - 1. Calculate the highest common divisor of l and 96.
16
Let c = 21 - 10. Let w = c + 0. What is the highest common factor of w and 33?
11
Let k(v) = -3*v - 4 + 3 - 3. Let d(u) = u + 3. Let m be d(-6). Let a be k(m). Calculate the greatest common divisor of a and 15.
5
Let c be (-27)/3*(-1 - 0). Let y be c/(-4)*168/(-6). Let a = 2 + 5. Calculate the highest common divisor of y and a.
7
Suppose -5*m + 4 - 34 = -f, 0 = -f - m + 12. Let a be 4 + 2/(-1 + -1). What is the highest common factor of a and f?
3
Suppose -104 - 76 = -5*h. Suppose 0*q - 5*q + 120 = 0. What is the greatest common divisor of h and q?
12
Let y = -10 - -22. Let x = 61 + -13. What is the highest common divisor of y and x?
12
Suppose -v + z + 2 = 0, -3*v + 4*z - 3*z = -8. Suppose 3*b = v + 6. Suppose -2*o = b*o - 400. Calculate the highest common factor of 10 and o.
10
Suppose -23*z + 118 = -802. What is the greatest common divisor of z and 10?
10
Let s be (-2)/6*1*-3. Let b(m) = 19*m - 1. Let g be b(s). Calculate the highest common factor of g and 162.
18
Suppose -295 = -5*o + 330. Calculate the highest common divisor of o and 25.
25
Suppose 0 - 21 = -d + 4*c, 0 = 3*c + 9. What is the greatest common divisor of d and 6?
3
Let x be (-2)/(-10) - 194/(-5). Suppose -21 = -4*c + x. What is the greatest common divisor of 45 and c?
15
Let j = 33 + -29. Calculate the highest common factor of j and 10.
2
Let d = 67 + -9. Calculate the highest common factor of d and 87.
29
Let j be (-2 + 2)*(-3)/3. Let h be 7 + j - (-1 + -1). Let u be 7 + (-3)/(h/(-6)). Calculate the highest common divisor of u and 72.
9
Let n(x) = -x**2 - 21*x - 14. Let c be n(-11). Suppose -6*q + 3*q + c = 0. Calculate the highest common divisor of 16 and q.
16
Let f be 36/8 + 9/6. Calculate the highest common divisor of f and 54.
6
Let y(c) = c**2 - 25*c + 39. Let b be y(26). Calculate the highest common factor of 13 and b.
13
Let y(t) = t**3 + 5*t**2 + t + 7. Let g be y(-5). Let d be g - -46*(-2)/(-4). Calculate the greatest common divisor of d and 5.
5
Let f = -30 - -44. Suppose 5*a - 4*a - 126 = 0. What is the greatest common factor of a and f?
14
Suppose -3*a - 10 + 34 = 0. Let u be ((-2)/5)/((-8)/80). Calculate the greatest common factor of u and a.
4
Let d(n) = 36*n**2 + 2*n - 2. Let z be d(1). Calculate the greatest common divisor of 324 and z.
36
Suppose -3*k - 17 = -32. Let o be (-1)/(-3) - 4/(-6). Calculate the highest common factor of k and o.
1
Suppose -20 = 4*o - 76. Let r = -4 + 6. Let h be (-1*4)/(r/(-14)). What is the highest common divisor of h and o?
14
Let t(z) = z**2 + 9*z - 10. Let o(p) = p**3 - 6*p**2 + 3*p - 1. Let w be o(5). Let y be t(w). Calculate the highest common factor of y and 30.
6
Let d = 4 + -4. Suppose d*j = -2*n + j + 106, -n + 59 = j. Let u be (-70)/(-6) - (-14)/(-21). Calculate the highest common divisor of u and n.
11
Let g(q) = 11*q + 13. Let m be g(7). What is the highest common divisor of 60 and m?
30
Suppose a + 3*a + 4*t = 364, -5*a = -t - 461. Suppose 2*r = 5*o + 46, o + 3*o = 0. Calculate the highest common factor of a and r.
23
Suppose 4 = 6*h - 26. What is the greatest common factor of 40 and h?
5
Let c be (-6)/4 + (-3900)/(-40). Suppose 0 = -5*x + 5*q + 30, 4*x + 0*q + 4*q = 48. Let u = x + 7. What is the greatest common factor of c and u?
16
Suppose -5*g + 17 = -4*g. Suppose -g = -4*i + 23. Calculate the highest common divisor of 40 and i.
10
Let d(z) = z**3 - 11*z**2 + 20*z - 2. Let p be d(9). What is the highest common divisor of p and 8?
8
Let b(l) = -6*l**2 + l - 3. Let r(i) = -i**2 - 3*i + 1. Let p be r(-2). Let v be b(p). Let g = v - -81. Calculate the highest common divisor of g and 3.
3
Let w be ((-20)/60)/(1/(-15)). What is the greatest common divisor of w and 5?
5
Suppose -4*v = 0, 4*v = -3*b - 0*v. Suppose b = -4*n - 3*k + 194, 2*k = -1 - 3. Suppose 3*o - 50 = -2*o. What is the greatest common divisor of o and n?
10
Suppose 5*n + 19 = 64. Let h be 2 - (n/(-3) + -130). Suppose -2*g = -y + 5*y - 26, 35 = 2*g - 5*y. What is the highest common factor of h and g?
15
Let j be ((-14)/(-3))/(1/3). Let m be 28 + (1 - 1)/(-3). Calculate the highest common divisor of j and m.
14
Let g = -98 - -107. What is the highest common factor of g and 6?
3
Let f be 8/(-28) - (-564)/14. Calculate the greatest common divisor of f and 60.
20
Suppose -1 + 3 = -y. Let b be 1 + 1/(y - -1). Suppose 0 = -z - b + 3. What is the highest common factor of z and 24?
3
Let d(u) = -u**3 - 8*u**2 - 8*u - 5. Let v be d(-7). Suppose 0*l = -v*l + 128. Calculate the highest common factor of l and 8.
8
Let c(k) = -7*k**3 - 2*k**2 + 3*k + 3. Let j be c(-2). Let x be 4/(-2)*(11/(-2) + 3). Calculate the highest common divisor of x and j.
5
Let l = 29 - 27. Calculate the greatest common divisor of 6 and l.
2
Suppose -3*c = -2*b + 9, 4*b - 63 = c - 4*c. Calculate the greatest common factor of 3 and b.
3
Let b be (-1 - 15/(-1)) + 1. Suppose 6*c = c - b, -c = o. Suppose q - 5*z + o*z = 20, 5 = q + z. Calculate the greatest common divisor of 90 and q.
10
Let w(n) = 3*n. Let f be w(10). What is the greatest common factor of 270 and f?
30
Suppose 11 + 56 = u. Let z = u + -39. Suppose -z = -5*m + 22. Calculate the greatest common divisor of 2 and m.
2
Let j(v) = -v**3 - 5*v**2 + 3. Let s be j(-6). Suppose -s - 16 = -5*z. What is the greatest common divisor of 77 and z?
11
Let k = 26 + -15. What is the highest common divisor of k and 1?
1
Let b be 9 - (-20)/(-5)*-1. What is the highest common factor of 52 and b?
13
Suppose -3*h - 4*d + 79 = 0, 2*h = h + d + 17. Suppose -r - 4*g = -14, 4*r - 3*g - 56 = -g. What is the highest common factor of h and r?
7
Let t = 21 - -6. What is the highest common factor of 243 and t?
27
Suppose -5*f = h - 26, -3*h - 34 = -4*f + 2. Suppose -f*j = -j - 110. Calculate the highest common factor of j and 2.
2
Let r(t) = -t**2 - 10*t - 10. Let d be r(-6). Suppose -4*v + v + 84 = 0. Calculate the greatest common divisor of d and v.
14
Suppose -2*z + 4*b - 8 = -24, -40 = -5*z - 2*b. Suppose 0 = -2*h - d + 30, -4*d = -d + 6. Calculate the highest common divisor of z and h.
8
Suppose -4*f = -2*f - 4. Let m be (2 - 1)/(1/f). Suppose -m*x = 6*u - 4*u - 26, -4*u - 29 = -5*x. Calculate the highest common factor of x and 45.
9
Suppose 1700 = -0*i + 10*i. What is the highest common factor of i and 10?
10
Suppose -24 = b + 3*b. Let s be (6 - 12)*2/b. Suppose -4*u + 68 = -s*u. What is the highest common factor of u and 85?
17
Suppose -4*a = -14 - 22. Let b = -3 + a. What is the highest common divisor of b and 18?
6
Let q(v) = -